
What is the remainder when 153933 is divided by 319?
175
What is the remainder when 39252913 is divided by 2412?
25
Calculate the remainder when 9572019 is divided by 188.
187
Calculate the remainder when 83837 is divided by 76266.
7571
Calculate the remainder when 1505820 is divided by 1887.
1881
Calculate the remainder when 4393612 is divided by 45.
37
Calculate the remainder when 69231939 is divided by 78.
75
Calculate the remainder when 2577011 is divided by 902.
899
Calculate the remainder when 498093 is divided by 497911.
182
Calculate the remainder when 60582 is divided by 2602.
736
What is the remainder when 5751610 is divided by 250069?
23
What is the remainder when 258258 is divided by 1667?
1540
What is the remainder when 79400 is divided by 678?
74
What is the remainder when 28791 is divided by 328?
255
What is the remainder when 577123 is divided by 64124?
7
What is the remainder when 1075991 is divided by 71687?
686
Calculate the remainder when 3260421 is divided by 39761.
19
What is the remainder when 1144371 is divided by 228697?
886
Calculate the remainder when 300896 is divided by 22.
2
Calculate the remainder when 38175 is divided by 3172.
111
Calculate the remainder when 56935876 is divided by 2731.
2719
What is the remainder when 47707443 is divided by 50?
43
Calculate the remainder when 1583551 is divided by 1874.
21
Calculate the remainder when 93750 is divided by 4455.
195
Calculate the remainder when 889751 is divided by 28.
23
Calculate the remainder when 1105682 is divided by 70.
32
Calculate the remainder when 282278 is divided by 5686.
3664
What is the remainder when 6008792 is divided by 3?
2
Calculate the remainder when 447058 is divided by 89410.
8
What is the remainder when 369483 is divided by 323?
294
Calculate the remainder when 34314157 is divided by 34.
31
What is the remainder when 208837 is divided by 69526?
259
Calculate the remainder when 5027706 is divided by 1675891.
33
What is the remainder when 35874492 is divided by 918?
888
Calculate the remainder when 542 is divided by 29.
20
Calculate the remainder when 63230 is divided by 29308.
4614
Calculate the remainder when 183231 is divided by 22839.
519
Calculate the remainder when 4969250 is divided by 1399.
2
Calculate the remainder when 53082539 is divided by 651.
650
Calculate the remainder when 1776112 is divided by 27.
25
What is the remainder when 6648338 is divided by 55?
48
What is the remainder when 6386838 is divided by 38?
26
What is the remainder when 1711661 is divided by 68466?
11
What is the remainder when 33604124 is divided by 327?
296
Calculate the remainder when 5384139 is divided by 2692014.
111
What is the remainder when 363169 is divided by 9077?
89
What is the remainder when 3195522 is divided by 177529?
0
What is the remainder when 10712447 is divided by 1785407?
5
What is the remainder when 860404 is divided by 711?
94
What is the remainder when 1595098 is divided by 1672?
10
Calculate the remainder when 573956 is divided by 2439.
791
What is the remainder when 1462722 is divided by 1462624?
98
Calculate the remainder when 305110 is divided by 305074.
36
What is the remainder when 4407656 is divided by 48973?
86
Calculate the remainder when 8723 is divided by 362.
35
Calculate the remainder when 19323066 is divided by 43.
27
What is the remainder when 300304019 is divided by 100101336?
11
Calculate the remainder when 37634 is divided by 4141.
365
What is the remainder when 2352670 is divided by 27041?
103
Calculate the remainder when 849602 is divided by 63.
47
Calculate the remainder when 7556 is divided by 3441.
674
What is the remainder when 1515094 is divided by 505021?
31
What is the remainder when 170639 is divided by 85145?
349
Calculate the remainder when 12376 is divided by 1760.
56
What is the remainder when 8857573 is divided by 2347?
2342
What is the remainder when 21453 is divided by 20499?
954
What is the remainder when 818879 is divided by 7?
5
Calculate the remainder when 9789896 is divided by 652659.
11
Calculate the remainder when 42212 is divided by 9405.
4592
What is the remainder when 33088993 is divided by 2282?
2275
Calculate the remainder when 1155665 is divided by 40.
25
What is the remainder when 2703846 is divided by 6562?
302
What is the remainder when 93932 is divided by 3624?
3332
Calculate the remainder when 8591812 is divided by 1823.
13
What is the remainder when 5903686 is divided by 702?
568
What is the remainder when 158824 is divided by 984?
400
Calculate the remainder when 1257849 is divided by 32252.
21
Calculate the remainder when 5403 is divided by 732.
279
Calculate the remainder when 336364286 is divided by 5512.
5510
Calculate the remainder when 86668058 is divided by 11.
4
What is the remainder when 45327 is divided by 7?
2
Calculate the remainder when 63013033 is divided by 987.
979
What is the remainder when 585244 is divided by 58509?
154
What is the remainder when 193206 is divided by 32?
22
What is the remainder when 1862606 is divided by 186?
2
Calculate the remainder when 1383816 is divided by 115305.
156
Calculate the remainder when 28851 is divided by 926.
145
Calculate the remainder when 81595 is divided by 79611.
1984
What is the remainder when 3194220 is divided by 2944?
2924
Calculate the remainder when 695522 is divided by 695322.
200
Calculate the remainder when 29083 is divided by 99.
76
Calculate the remainder when 2972155 is divided by 512.
507
Calculate the remainder when 17931136 is divided by 8965555.
26
Calculate the remainder when 781626 is divided by 4466.
76
What is the remainder when 6416914 is divided by 86715?
4
What is the remainder when 2027589 is divided by 1013788?
13
Calculate the remainder when 1447981423 is divided by 225.
223
What is the remainder when 93146037 is divided by 6760?
6757
What is the remainder when 2011511 is divided by 304?
247
What is the remainder when 977045 is divided by 195406?
15
What is the remainder when 14413 is divided by 845?
48
What is the remainder when 3189598 is divided by 900?
898
Calculate the remainder when 1518243 is divided by 1517914.
329
What is the remainder when 1150377 is divided by 924?
921
What is the remainder when 120490031 is divided by 624?
623
What is the remainder when 4060 is divided by 353?
177
What is the remainder when 14062 is divided by 352?
334
Calculate the remainder when 404588 is divided by 1062.
1028
Calculate the remainder when 9369 is divided by 9158.
211
Calculate the remainder when 233221 is divided by 13681.
644
What is the remainder when 5665455 is divided by 5665436?
19
What is the remainder when 5964833 is divided by 52322?
125
Calculate the remainder when 62932 is divided by 1506.
1186
What is the remainder when 3550649 is divided by 507229?
46
Calculate the remainder when 281804 is divided by 139910.
1984
What is the remainder when 3030080 is divided by 219?
215
Calculate the remainder when 753722 is divided by 568.
554
Calculate the remainder when 529251 is divided by 664.
43
What is the remainder when 6868779 is divided by 3046?
49
What is the remainder when 2901862 is divided by 3454?
502
What is the remainder when 3867642 is divided by 515?
507
What is the remainder when 3077532 is divided by 17997?
45
Calculate the remainder when 82295394 is divided by 9.
6
Calculate the remainder when 936043 is divided by 1839.
1831
Calculate the remainder when 1349969 is divided by 979.
907
Calculate the remainder when 41873 is divided by 2222.
1877
Calculate the remainder when 131642 is divided by 26327.
7
Calculate the remainder when 70526855 is divided by 167.
83
Calculate the remainder when 855043 is divided by 106875.
43
Calculate the remainder when 2660436 is divided by 19003.
16
Calculate the remainder when 120605990 is divided by 150.
140
Calculate the remainder when 2188008 is divided by 1251.
9
Calculate the remainder when 14594187 is divided by 66337.
47
Calculate the remainder when 134133 is divided by 67041.
51
What is the remainder when 274710 is divided by 130?
20
Calculate the remainder when 80622 is divided by 4441.
684
Calculate the remainder when 269085 is divided by 1167.
675
Calculate the remainder when 1837853 is divided by 367533.
188
What is the remainder when 